*h**2 - 31*h + 7. Let n(c) = -7*c**3 + 2*c**2 + 16*c - 4. Let x(u) = -6*a(u) - 11*n(u). Is x(-7) a composite number?
False
Suppose -2*k + 5*p - 9 = -300, k + 4*p = 139. Is k prime?
False
Let o be 2764/(-8) - 3/(-6). Let m be 1/1 - o - -3. Suppose 4*j - 5*u = 80 + 360, 3*j + u = m. Is j a prime number?
False
Let z = -11 + 15. Let t(m) be the first derivative of 8*m**2 + m + 2. Is t(z) prime?
False
Let y(j) = 24*j - 5. Is y(3) a composite number?
False
Suppose 0 = -3*o + 3*f + 42, -o = -4*o + 5*f + 50. Suppose -20 = 3*l - k, l = k - 4*k + o. Is 24/10 + 2/l a composite number?
False
Let c be 21/(-6) - 1/(-2). Suppose -4*p + 2*p + 12 = 0. Let q = c + p. Is q a prime number?
True
Suppose -4*n = 54 - 994. Is n a prime number?
False
Let r be ((-10)/6 + 3)/((-6)/(-9)). Suppose -t = -2*t + 405. Suppose -5*o + 3*h + 397 = 0, -r*o + 5*h + t = 3*o. Is o a prime number?
False
Suppose 3362 = 5*n - w, 4*n + 2*w - 764 - 1934 = 0. Is n a composite number?
False
Suppose 2*t + 8 = 3*j, -16 = 2*j + 2*j + 4*t. Suppose j*r - 445 = -5*r. Is r prime?
True
Suppose z + 2 - 4 = -4*q, 4*z + 5*q - 19 = 0. Let l = z - 3. Is l a prime number?
True
Is 124 - (-4 - (1 + -2)) a composite number?
False
Let u(o) = -16*o - 6. Let b be u(-6). Suppose -5*m - b + 713 = 4*f, m = 3*f + 136. Is m prime?
True
Let z(j) = 6*j**2 + 3*j. Let d(f) = f**2 + f. Let q(x) = -5*d(x) + z(x). Let c = 3 - -4. Is q(c) a prime number?
False
Suppose -5*g - 4197 = -8*g. Is g composite?
False
Suppose -m + 2*g - 1 = 0, 0 = 2*m - g - 3 - 4. Let q = 4 + -1. Suppose -q*z - 158 = -m*z. Is z prime?
True
Let l = 6 - 10. Let q(m) = m**3 + m**2 + 1. Let r(c) = c**3 - 2*c**2 + 5*c + 3. Let v(h) = 2*q(h) - r(h). Is v(l) a prime number?
True
Suppose 2*g - 457 = -4*x + 5*g, -5*g = 15. Let p = x - 57. Is p a composite number?
True
Let w(i) = -172*i - 14. Is w(-4) a prime number?
False
Suppose -3*j - 12 = -3. Let t be (-6 - j)*19/(-3). Suppose 2*r - 19 = t. Is r a composite number?
False
Let w = -2741 + 5304. Is w a composite number?
True
Let h = -6 - 55. Suppose -383 = -3*c + 199. Let s = c + h. Is s prime?
False
Let s = 11 - 7. Suppose s*j = -142 + 38. Is (4 + j)/((-2)/3) composite?
True
Let q(y) be the third derivative of y**5/60 + y**4/4 - 5*y**3/2 + 4*y**2. Is q(10) composite?
True
Let f(c) be the second derivative of -c**3/6 - c**2/2 - 3*c. Let l be f(-4). Is (207/(-2))/l*-2 a composite number?
True
Let v be (-3)/15 - 78/10. Let u = 4 + v. Let h = u + 11. Is h a prime number?
True
Suppose 0 = 4*g + y - 18, -4*g + 20 = -0*y + 2*y. Suppose 9 + 0 = 3*z. Let n = g + z. Is n prime?
True
Let l be 1/1 + (0 - -5). Let z be 4/l - 454/6. Let g = 128 + z. Is g a composite number?
False
Suppose -4*m + 11 = -13. Is ((-21)/m)/((-1)/10) composite?
True
Suppose 4*h = 62 - 1882. Let n = 874 + h. Is n prime?
True
Let h(s) be the third derivative of 1/15*s**6 - 1/2*s**3 + 0*s - 3*s**2 + 0 + 1/60*s**5 + 1/12*s**4. Is h(2) composite?
True
Let l(i) = 13*i - 12. Is l(7) prime?
True
Let d be 60/16 - (-2)/8. Suppose 4*c = 5*o - 1957, -3*o + d*c = c - 1173. Suppose 5*p - 2*t = o, 4*p - 47 = 2*t + 267. Is p prime?
True
Let x(k) be the second derivative of -13*k**6/10 + k**4/24 + 3*k**2/2 + 3*k. Let d(v) be the first derivative of x(v). Is d(-1) prime?
False
Is (-2)/(-8) - (-3969)/12 prime?
True
Let z be ((-6)/4)/3*4. Is z*(159/(-6) + 2) prime?
False
Let a(l) = l**3 - 5*l**2 - 7*l + 29. Is a(12) a composite number?
False
Let k be (-235)/(-4) - 2/(-8). Suppose r - 3*j + 6*j - 25 = 0, 3*r = -5*j + k. Is r a composite number?
False
Let k = -556 + 1443. Is k composite?
False
Let m be (-2)/(-8) + 1/(-4). Suppose m = 5*w - 2*w + 2*b - 40, -b - 52 = -3*w. Is (1 - -1) + w/2 a prime number?
False
Let m(a) = 41*a**2 + 9*a + 6. Let h(x) = 21*x**2 + 5*x + 3. Let n(o) = -7*h(o) + 4*m(o). Is n(3) composite?
True
Suppose -2*k + 3*k = 4*j - 2730, 3*k + 2726 = 4*j. Is j composite?
False
Suppose 234 = -8*x + 6*x. Let j = x - -328. Is j a composite number?
False
Let o(p) = 9*p - 32. Is o(13) a composite number?
True
Let y(h) = -h + 8. Let k be y(6). Suppose -5*p + 286 = -k*u, -3*u + 0 = 2*p - 122. Is p composite?
True
Let t(j) = 93*j + 1. Let b be t(-2). Let w be (-36)/((-2)/(0 - -2)). Let p = w - b. Is p prime?
False
Suppose -a - 5*g - 48 = -5*a, 0 = 2*a + 4*g + 2. Is a composite?
False
Is 4/20 - -213*(-18)/(-5) a composite number?
True
Let u = 4 + 8. Is 2*(-3)/u*-158 composite?
False
Suppose 0 = -4*o + 14 + 6. Suppose -o*z - 3*i = 2*i + 215, 5*i = 15. Let w = z - -83. Is w prime?
True
Let m be (-1)/(-2)*(14 - 2). Suppose -26 - m = 4*y. Is y/36 + (-227)/(-9) a prime number?
False
Let h be 9*(21/9 - 2). Let f be h/(-9) + (-1178)/(-6). Suppose 3*y + f = 7*y. Is y prime?
False
Suppose -3*b + n = -4*b + 424, -n = -5. Is b a composite number?
False
Suppose 0 = -s + 3*s - p - 8, -2*s - 3*p = 0. Let k be s*19*1 + 2. Is (2 - 2)/(-1) + k a composite number?
False
Let y be -1*((-9)/3 - -1). Let j(m) = -m**3 + 7*m**2 - 3*m + 2. Let c be j(6). Suppose y*n - c = 42. Is n a prime number?
True
Let c(b) = 3 + 0*b + 2*b + 4*b - 2. Is c(5) a composite number?
False
Let o(l) = -21*l + 1. Let q be o(-9). Let p = 0 - -4. Suppose -c - p*c = -q. Is c prime?
False
Let j(z) = -z**3 + 6*z**2 - 4*z - 7. Let o be j(5). Let t = o + 4. Suppose -y - 3*q = q - 161, 0 = -3*y - t*q + 483. Is y prime?
False
Suppose -3*s + 17 = a, 4*a - 31 = a - 5*s. Let b be 1 - (-6)/4*a. Suppose m = -3*m + 4*r + 72, b*r = 4. Is m a prime number?
True
Let v be 3*5/(30/16). Suppose -v*c + 7*c = -511. Is c a composite number?
True
Is ((-19449)/(-3))/(((-8)/(-4))/2) prime?
False
Is 2 + 3/(-1) + 60 prime?
True
Suppose q + 5*u = -q - 301, q = 4*u - 170. Let f = 279 + q. Is f composite?
True
Let r = 0 + 3. Suppose -q - r = 2*q. Is 1*(1 + q + 119) prime?
False
Let j = 4 - 9. Is (-10)/(-2)*(-111)/j a prime number?
False
Let g(t) = 5*t**3 + 4*t**2 + 2*t - 7. Let l(h) = -h**2 - h - 1. Let d(z) = -g(z) + l(z). Is d(-5) a composite number?
False
Suppose -2*r = -3*r. Suppose -4*b - q = -42, 30 = -r*b + 4*b - 5*q. Is b a composite number?
True
Let r(p) = -p**2 - 1. Let s(z) = z**3 - 7*z**2 - 4*z - 8. Let d(h) = 3*r(h) - s(h). Let b be d(5). Suppose 5*v - 4*n - 131 = b, 2*n + 6 = -2. Is v composite?
False
Is 232*1 + (-15 - -16) a prime number?
True
Let j = 20 + 9. Let c be j/(-3*(-2)/24). Suppose -b + c = -29. Is b composite?
True
Let w(i) be the first derivative of 2 + 0 - 1 + i + 13*i**2. Is w(3) composite?
False
Let h = 23 - 47. Let c = h + 103. Is c composite?
False
Suppose 0*a + 438 = -3*a. Is a/(-4)*(1 - -13) prime?
False
Suppose -12 = -3*s, 0*s - 1630 = -2*t + s. Is t a composite number?
True
Suppose p - 33 = -t, -177 = -6*p + p - t. Let j = p + 10. Is j prime?
False
Let j(u) = -u**3 - 3*u**2 - 2*u - 2. Let l be j(-3). Let v(y) = -5*y**2 + 0*y - 3*y + 2 + 3*y**2 + 2*y**3 - 7. Is v(l) prime?
True
Let b(k) = -6 - 4*k**2 + k + 7*k**2 + 7*k. Is b(-7) a composite number?
True
Suppose -8*k + 9*k + 110 = 0. Let j = k - -201. Is j a prime number?
False
Let d = 6 - 6. Suppose d = y + 3*y - 24. Suppose -k + y = -77. Is k a composite number?
False
Let o = 1041 - 662. Is o composite?
False
Suppose -3*t + 17 = -538. Is t prime?
False
Let p = 53 + 201. Is p a composite number?
True
Suppose l = 5*h - 26, -4*l + h + 3*h = 72. Let m(s) = 6*s**3 + s**2 + s - 1. Let r be m(2). Let f = l + r. Is f a prime number?
True
Is (-62)/8*2*(-10)/5 a composite number?
False
Suppose -2*v + 5 = -3*v, -76 = -4*n + 4*v. Let f = n + -10. Is 53 - -4*2/f prime?
False
Let b be 2/(-7) - (-866)/(-7). Let t = -73 - b. Is ((-7)/3 + 3)*t a composite number?
True
Let v = 611 + 848. Is v prime?
True
Suppose 0 = 3*o - 4*o + 305. Let j = 432 - o. Is j a composite number?
False
Suppose 0*j - 4*j - 44 = 0. Let r = -8 - j. Suppose -2*n - g = -n - 21, 2*n = r*g + 32. Is n a composite number?
False
Suppose -3*x + 192 = -0*x. Suppose g - x = -g. Let c = 57 - g. Is c a prime number?
False
Let u be 2/6*0*-1. Suppose j - 5*s - 6 = 0, 5*j - 4*s + 1 - 115 = u. Is j a prime number?
False
Let i(f) be the first derivative of 6*f**2 - 3 + 4*f - 2*f**2 - f**2. Is i(3) a composite number?
True
Suppose -5*r - 3*p = 24, -6*p = -3*r - 3*p - 24. Let t be (2 + -74)*(-3)/r. Is -3 + 1 - (t + -1) a composite number?
True
Let z(n) = n**2 - n + 1. Let k be z(1). Is 56 - (5 - (3 - k)) a